{"id":207,"date":"2022-12-01T20:32:57","date_gmt":"2022-12-01T19:32:57","guid":{"rendered":"http:\/\/lafermeducontrevent.fr\/?page_id=207"},"modified":"2026-02-26T16:13:44","modified_gmt":"2026-02-26T15:13:44","slug":"le-festival-des-4-vents","status":"publish","type":"page","link":"https:\/\/www.lafermeducontrevent.fr\/index.php\/le-festival-des-4-vents\/","title":{"rendered":"Le Festival des 4 vents"},"content":{"rendered":"\n<p>Les paysans des 4 vents et l\u2019association des 4 saisons organisent \u00e0 la ferme, le festival des qu4tre vents, qui s\u2019articule autour de la musique, de la culture et de la paysannerie.<\/p>\n\n\n\n<p>Lors de cette f\u00eate, on assiste \u00e0 des spectacles et concerts, on fait des rencontres sympathiques, dans une jolie ambiance o\u00f9 se m\u00ealent partage et convivialit\u00e9. Tout le monde est le bienvenu, pour semer des graines d&rsquo;id\u00e9es, les faire germer, pousser et prendre de la hauteur !<\/p>\n\n\n\n<p><strong>La prochaine \u00e9dition aura lieu le 25 et 26 septembre 2026. On vous en dit plus quand on en sait plus&#8230; <\/strong><\/p>\n\n\n\n<p><\/p>\n\n\n\n<figure class=\"wp-block-gallery has-nested-images columns-default is-cropped wp-block-gallery-1 is-layout-flex wp-block-gallery-is-layout-flex\">\n<figure class=\"wp-block-image size-full\"><img loading=\"lazy\" decoding=\"async\" width=\"960\" height=\"364\" data-id=\"277\" src=\"http:\/\/www.lafermeducontrevent.fr\/wp-content\/uploads\/2023\/02\/20728900_1450915004992314_487454294224949417_o.jpg\" alt=\"\" class=\"wp-image-277\" srcset=\"https:\/\/www.lafermeducontrevent.fr\/wp-content\/uploads\/2023\/02\/20728900_1450915004992314_487454294224949417_o.jpg 960w, https:\/\/www.lafermeducontrevent.fr\/wp-content\/uploads\/2023\/02\/20728900_1450915004992314_487454294224949417_o-300x114.jpg 300w, https:\/\/www.lafermeducontrevent.fr\/wp-content\/uploads\/2023\/02\/20728900_1450915004992314_487454294224949417_o-768x291.jpg 768w, https:\/\/www.lafermeducontrevent.fr\/wp-content\/uploads\/2023\/02\/20728900_1450915004992314_487454294224949417_o-80x30.jpg 80w\" sizes=\"auto, (max-width: 960px) 100vw, 960px\" \/><\/figure>\n\n\n\n<figure class=\"wp-block-image size-large\"><img loading=\"lazy\" decoding=\"async\" width=\"1024\" height=\"1024\" data-id=\"278\" src=\"http:\/\/www.lafermeducontrevent.fr\/wp-content\/uploads\/2023\/02\/240968195_4547096875335255_8948548224218539021_n-1024x1024.jpg\" alt=\"\" class=\"wp-image-278\" srcset=\"https:\/\/www.lafermeducontrevent.fr\/wp-content\/uploads\/2023\/02\/240968195_4547096875335255_8948548224218539021_n-1024x1024.jpg 1024w, https:\/\/www.lafermeducontrevent.fr\/wp-content\/uploads\/2023\/02\/240968195_4547096875335255_8948548224218539021_n-300x300.jpg 300w, https:\/\/www.lafermeducontrevent.fr\/wp-content\/uploads\/2023\/02\/240968195_4547096875335255_8948548224218539021_n-150x150.jpg 150w, https:\/\/www.lafermeducontrevent.fr\/wp-content\/uploads\/2023\/02\/240968195_4547096875335255_8948548224218539021_n-768x768.jpg 768w, https:\/\/www.lafermeducontrevent.fr\/wp-content\/uploads\/2023\/02\/240968195_4547096875335255_8948548224218539021_n-80x80.jpg 80w, https:\/\/www.lafermeducontrevent.fr\/wp-content\/uploads\/2023\/02\/240968195_4547096875335255_8948548224218539021_n.jpg 1231w\" sizes=\"auto, (max-width: 1024px) 100vw, 1024px\" \/><\/figure>\n\n\n\n<figure class=\"wp-block-image size-full\"><img loading=\"lazy\" decoding=\"async\" width=\"225\" height=\"225\" data-id=\"279\" src=\"http:\/\/www.lafermeducontrevent.fr\/wp-content\/uploads\/2023\/02\/index.jpg\" alt=\"\" class=\"wp-image-279\" srcset=\"https:\/\/www.lafermeducontrevent.fr\/wp-content\/uploads\/2023\/02\/index.jpg 225w, https:\/\/www.lafermeducontrevent.fr\/wp-content\/uploads\/2023\/02\/index-150x150.jpg 150w, https:\/\/www.lafermeducontrevent.fr\/wp-content\/uploads\/2023\/02\/index-80x80.jpg 80w\" sizes=\"auto, (max-width: 225px) 100vw, 225px\" \/><\/figure>\n\n\n\n<figure class=\"wp-block-image size-full\"><img loading=\"lazy\" decoding=\"async\" width=\"1612\" height=\"1613\" data-id=\"416\" src=\"http:\/\/www.lafermeducontrevent.fr\/wp-content\/uploads\/2024\/07\/Bandeau-facebook-4-Vents-2023-edited-1.jpg\" alt=\"\" class=\"wp-image-416\" srcset=\"https:\/\/www.lafermeducontrevent.fr\/wp-content\/uploads\/2024\/07\/Bandeau-facebook-4-Vents-2023-edited-1.jpg 1612w, https:\/\/www.lafermeducontrevent.fr\/wp-content\/uploads\/2024\/07\/Bandeau-facebook-4-Vents-2023-edited-1-300x300.jpg 300w, https:\/\/www.lafermeducontrevent.fr\/wp-content\/uploads\/2024\/07\/Bandeau-facebook-4-Vents-2023-edited-1-1024x1024.jpg 1024w, https:\/\/www.lafermeducontrevent.fr\/wp-content\/uploads\/2024\/07\/Bandeau-facebook-4-Vents-2023-edited-1-150x150.jpg 150w, https:\/\/www.lafermeducontrevent.fr\/wp-content\/uploads\/2024\/07\/Bandeau-facebook-4-Vents-2023-edited-1-768x768.jpg 768w, https:\/\/www.lafermeducontrevent.fr\/wp-content\/uploads\/2024\/07\/Bandeau-facebook-4-Vents-2023-edited-1-1536x1536.jpg 1536w, https:\/\/www.lafermeducontrevent.fr\/wp-content\/uploads\/2024\/07\/Bandeau-facebook-4-Vents-2023-edited-1-80x80.jpg 80w\" sizes=\"auto, (max-width: 1612px) 100vw, 1612px\" \/><\/figure>\n<\/figure>\n\n\n\n<h2 class=\"wp-block-heading\">Edition 2024 : Vendredi 20 et Samedi 21 septembre<\/h2>\n\n\n<div class=\"wp-block-image is-style-rounded\">\n<figure class=\"aligncenter size-full\"><img loading=\"lazy\" decoding=\"async\" width=\"450\" height=\"450\" src=\"http:\/\/www.lafermeducontrevent.fr\/wp-content\/uploads\/2023\/08\/Avatar-4-Vents-2023.jpg\" alt=\"\" class=\"wp-image-359\" srcset=\"https:\/\/www.lafermeducontrevent.fr\/wp-content\/uploads\/2023\/08\/Avatar-4-Vents-2023.jpg 450w, https:\/\/www.lafermeducontrevent.fr\/wp-content\/uploads\/2023\/08\/Avatar-4-Vents-2023-300x300.jpg 300w, https:\/\/www.lafermeducontrevent.fr\/wp-content\/uploads\/2023\/08\/Avatar-4-Vents-2023-150x150.jpg 150w, https:\/\/www.lafermeducontrevent.fr\/wp-content\/uploads\/2023\/08\/Avatar-4-Vents-2023-80x80.jpg 80w\" sizes=\"auto, (max-width: 450px) 100vw, 450px\" \/><\/figure>\n<\/div>\n\n\n<figure class=\"wp-block-image size-large\"><img loading=\"lazy\" decoding=\"async\" width=\"722\" height=\"1024\" src=\"http:\/\/www.lafermeducontrevent.fr\/wp-content\/uploads\/2024\/07\/Festival-4-Vents_2024-722x1024.jpg\" alt=\"\" class=\"wp-image-413\" srcset=\"https:\/\/www.lafermeducontrevent.fr\/wp-content\/uploads\/2024\/07\/Festival-4-Vents_2024-722x1024.jpg 722w, https:\/\/www.lafermeducontrevent.fr\/wp-content\/uploads\/2024\/07\/Festival-4-Vents_2024-211x300.jpg 211w, https:\/\/www.lafermeducontrevent.fr\/wp-content\/uploads\/2024\/07\/Festival-4-Vents_2024-768x1090.jpg 768w, https:\/\/www.lafermeducontrevent.fr\/wp-content\/uploads\/2024\/07\/Festival-4-Vents_2024-1083x1536.jpg 1083w, https:\/\/www.lafermeducontrevent.fr\/wp-content\/uploads\/2024\/07\/Festival-4-Vents_2024-1444x2048.jpg 1444w, https:\/\/www.lafermeducontrevent.fr\/wp-content\/uploads\/2024\/07\/Festival-4-Vents_2024-56x80.jpg 56w, https:\/\/www.lafermeducontrevent.fr\/wp-content\/uploads\/2024\/07\/Festival-4-Vents_2024.jpg 1748w\" sizes=\"auto, (max-width: 722px) 100vw, 722px\" \/><\/figure>\n\n\n\n<p><div><div class=\"nH\"><div class=\"nH\"><div class=\"nH aqk aql bkL\"><div class=\"nH bkK\"><div class=\"nH\"><div class=\"nH ar4 B\"><div class=\"aeI\"><div class=\"AO\"><div id=\":3\" class=\"Tm aeJ\"><div id=\":1\" class=\"aeF\"><div class=\"nH\"><div class=\"nH\" role=\"main\"><div class=\"nH g id\"><div class=\"nH a98 iY\"><div class=\"nH\"><div class=\"aHU hx\"><div role=\"list\"><div class=\"h7\" role=\"listitem\" aria-expanded=\"true\" tabindex=\"-1\"><div class=\"Bk\"><div class=\"G3 G2\"><div><div id=\":ta\"><div><div class=\"adn ads\" data-message-id=\"#msg-f:1804575832792739449\" data-legacy-message-id=\"190b2428abddae79\"><div class=\"gs\"><div class=\"\"><div id=\":sk\" class=\"ii gt\"><div id=\":sl\" class=\"a3s aiL \"><div dir=\"ltr\"><div><u style=\"font-family:arial,sans-serif\"><font size=\"4\">Vendredi 20 septembre 2024 : 10\u20ac<\/font><\/u><\/div><div><span style=\"font-family:arial,sans-serif\"><\/span><\/div><div><b style=\"font-family:arial,sans-serif\">&#8211; 16h march\u00e9 des producteurs locaux<\/b><\/div><div><p style=\"margin:0cm 0cm 8pt;line-height:107%\"><b style=\"font-family:arial,sans-serif\">&#8211; 17h-19h Conte nature musical\u2026 et participatif<\/b><\/p><p style=\"margin:0cm 0cm 8pt;line-height:107%\"><span style=\"font-family:arial,sans-serif\">A partir de 3 ans<\/span><\/p><p style=\"margin:0cm 0cm 8pt;line-height:107%\"><span style=\"font-family:arial,sans-serif\">Les enfants, la<br>for\u00eat et les animaux qui la peuplent ont besoin de vous\u00a0! Accompagn\u00e9s par<br>Claire et sa guitare, laissez-vous entra\u00eener dans cette aventure musicale o\u00f9 vous<br>serez tour \u00e0 tour conteurs et conteuses, musiciens et musiciennes&#8230; et passeurs<br>et passeuses de nature.<\/span><\/p><p style=\"margin:0cm 0cm 8pt;line-height:107%\"><font face=\"arial,sans-serif\"><b>&#8211; 20h30 &#8211; 22h30 Danse machine volume<\/b><\/font><\/p><p style=\"margin:0cm 0cm 8pt;line-height:107%\"><br><\/p><p><span><strong>Concert th\u00e9\u00e2tral chor\u00e9graphi\u00e9 pour parkings <\/strong><\/span><\/p><p>Milka Zoo &amp; Ricky Borrelli, deux adultes \u2013 adolescent\u00b7e\u00b7s, joyeux<br> fant\u00f4mes de l\u2019Europe des\u00a0ann\u00e9es 90 dans laquelle ils sont n\u00e9s, <br>sillonnent les parkings \u00e0 bord de leur voiture tun\u00e9e.\u00a0Leurs escales sont<br> des f\u00eates libres o\u00f9 vous retrouverez la compilation des plus <br>grands\u00a0tubes d\u2019Eurodance, jou\u00e9s en live et en fran\u00e7ais, revenus du pass\u00e9<br> pour nous rassembler.\u00a0C\u2019est une grande messe insouciante et ravageuse <br>qui r\u00e9ouvre des br\u00e8ches dans l\u2019Histoire\u00a0entre le 9 novembre 1989 et le <br>11 septembre 2001.<\/p><p style=\"margin:0cm 0cm 8pt;line-height:107%\"><font face=\"arial,sans-serif\"><b>Pizza au feu de bois \u00e0 partir de 19h <\/b><\/font><br><\/p><p style=\"margin:0cm 0cm 8pt;line-height:107%\"><b>entr\u00e9e gratuite -16ans<\/b><br><br><\/p><p style=\"margin:0cm 0cm 8pt;line-height:107%\"><font face=\"arial,sans-serif\"><\/font><\/p><p style=\"margin:0cm 0cm 8pt;line-height:107%\"><br><u style=\"font-family:arial,sans-serif\"><font size=\"4\">Samedi 21 septembre 2024 : 20\u20ac<\/font><\/u><\/p><p style=\"margin:0cm 0cm 8pt;line-height:107%\"><u style=\"font-family:arial,sans-serif\"><font size=\"4\"><\/font><\/u><\/p><p style=\"margin:0cm 0cm 8pt;line-height:107%\"><span style=\"font-family:arial,sans-serif\"><b>&#8211; 15-16h go\u00fbter \u00e0 la ferme<\/b><\/span><\/p><p style=\"margin:0cm 0cm 8pt;line-height:107%\"><span style=\"font-family:arial,sans-serif\"><b>&#8211; 16h30 Th\u00e9\u00e2tre d&rsquo;ombres &#8211; Rosa Lune &#8211; Cie Conte en ombres (tout public)<\/b><\/span><\/p><p style=\"margin:0cm 0cm 8pt;line-height:107%\"><br>La rencontre du conte, avec le th\u00e9\u00e2tre d&rsquo;ombres et le violoncelle nous <br>immerge dans les ruelles d&rsquo;un village o\u00f9 tout est possible<\/p><p style=\"margin:0cm 0cm 8pt;line-height:107%\"><br>Les lumi\u00e8res s&rsquo;allument aux fen\u00eatres des maisons, les ombres des <br>villageois guettent&#8230; vous voil\u00e0 en train de d\u00e9ambuler dans le village <br>des \u00ab\u00a0Pas-contents\u00a0\u00bb et ses nuits sans lune. Au bout de la rue, un doux <br>chant r\u00e9sonne, c&rsquo;est la voix de RosaLune.\u00a0<\/p><p style=\"margin:0cm 0cm 8pt;line-height:107%\"><b><font size=\"2\">&#8211; 18h Mime Burlesque : Plastic tac &#8211; Cie Tout CouR (tout public)<\/font><\/b><\/p><p style=\"margin:0cm 0cm 8pt;line-height:107%\">Duo burlesque de th\u00e9\u00e2tre gestuel sur la th\u00e9matique du plastique, l&rsquo;\u00e9cologie, la surconsommation et le d\u00e9veloppement durable<\/p><p style=\"margin:0cm 0cm 8pt;line-height:107%\"><b>&#8211; 20h30 Cie des kikid\u00e9konafon &#8211; chanson \u00e0 voir<\/b><span style=\"color:rgb(20,24,35);font-family:helvetica,arial,sans-serif;font-size:14px;line-height:18px;background-color:rgb(255,255,255)\"><b> <\/b><\/span><font size=\"2\"><span style=\"color:rgb(20,24,35);font-family:helvetica,arial,sans-serif;line-height:18px;background-color:rgb(255,255,255)\"><b>absurde et burlesque<\/b><\/span><\/font><br><br><\/p><p style=\"margin:0cm 0cm 8pt;line-height:107%\"><br><span style=\"color:rgb(20,24,35);line-height:18px;background-color:rgb(255,255,255);font-family:arial,sans-serif\"><font size=\"2\">Du<br> bric \u00e0 brac, une guitare qui craque, un nez rouge et des jeux de <br>mots&#8230; le tout dans un baluchon en route pour le grand air. Les <br>kikid\u00e9konafon vous transporteront dans leur campagne natale ou le pire <br>c\u00f4toie le meilleur entre rage et insouciance. Autod\u00e9rision et <br>convivialit\u00e9 sont de mise pour une soir\u00e9e d&rsquo;\u00e9changes et de musique<\/font><\/span><\/p><p style=\"margin:0cm 0cm 8pt;line-height:107%\"><span style=\"color:rgb(20,24,35);line-height:18px;background-color:rgb(255,255,255);font-family:arial,sans-serif\"><font size=\"2\"><b>&#8211; 22h30 The Fat Bastard Gang band &#8211; Balkan fusion<\/b> <\/font><\/span><\/p><p style=\"margin:0cm 0cm 8pt;line-height:107%\"><br><font size=\"2\">Chantant en neuf langues, et puisant leurs sources dans <br>leur \u00ab bastard \u00bb musique, le groupe m\u00e9tisse, m\u00e9lange et\u00a0aromatise sa <br>musique de multiples \u00e9pices.\u00a0Une nouvelle envie de voyages \u00e0 travers le <br>monde onirique et dansant du FAT Bastard.\u00a0Un passeport pour voyager sans<br> visa, hors des fronti\u00e8res.<\/font>\u00a0 <\/p><p style=\"margin:0cm 0cm 8pt;line-height:107%\"><b>&#8211; 00h00 Manu et l\u00e9l\u00e9 (en attente du nom) &#8211; DJ set mashup electro<\/b><\/p><p style=\"margin:0cm 0cm 8pt;line-height:107%\"><\/p><p style=\"margin:0cm 0cm 8pt;line-height:107%\"><b>Burger paysan \u00e0 partir de 19H,\u00a0<\/b><\/p><p style=\"margin:0cm 0cm 8pt;line-height:107%\"><b>entr\u00e9e gratuite -16ans<\/b><\/p><p style=\"margin:0cm 0cm 8pt;line-height:107%\"><\/p><\/div><\/div><\/div><\/div><\/div><\/div><\/div><\/div><\/div><\/div><\/div><\/div><\/div><\/div><\/div><\/div><\/div><\/div><\/div><\/div><\/div><\/div><\/div><\/div><\/div><\/div><\/div><\/div><\/div><\/div><\/div><span style=\"font-family:arial,sans-serif\"><\/span><br><br>25\u20ac Vendredi et samedi<\/p>\n","protected":false},"excerpt":{"rendered":"<p>Les paysans des 4 vents et l\u2019association des 4 saisons organisent \u00e0 la ferme, le festival des qu4tre vents, qui s\u2019articule autour de la musique, de la culture et de&hellip; <\/p>\n","protected":false},"author":2,"featured_media":423,"parent":0,"menu_order":0,"comment_status":"closed","ping_status":"closed","template":"","meta":{"footnotes":""},"class_list":["post-207","page","type-page","status-publish","has-post-thumbnail","hentry"],"_links":{"self":[{"href":"https:\/\/www.lafermeducontrevent.fr\/index.php\/wp-json\/wp\/v2\/pages\/207","targetHints":{"allow":["GET"]}}],"collection":[{"href":"https:\/\/www.lafermeducontrevent.fr\/index.php\/wp-json\/wp\/v2\/pages"}],"about":[{"href":"https:\/\/www.lafermeducontrevent.fr\/index.php\/wp-json\/wp\/v2\/types\/page"}],"author":[{"embeddable":true,"href":"https:\/\/www.lafermeducontrevent.fr\/index.php\/wp-json\/wp\/v2\/users\/2"}],"replies":[{"embeddable":true,"href":"https:\/\/www.lafermeducontrevent.fr\/index.php\/wp-json\/wp\/v2\/comments?post=207"}],"version-history":[{"count":5,"href":"https:\/\/www.lafermeducontrevent.fr\/index.php\/wp-json\/wp\/v2\/pages\/207\/revisions"}],"predecessor-version":[{"id":590,"href":"https:\/\/www.lafermeducontrevent.fr\/index.php\/wp-json\/wp\/v2\/pages\/207\/revisions\/590"}],"wp:featuredmedia":[{"embeddable":true,"href":"https:\/\/www.lafermeducontrevent.fr\/index.php\/wp-json\/wp\/v2\/media\/423"}],"wp:attachment":[{"href":"https:\/\/www.lafermeducontrevent.fr\/index.php\/wp-json\/wp\/v2\/media?parent=207"}],"curies":[{"name":"wp","href":"https:\/\/api.w.org\/{rel}","templated":true}]}}